*2 + 12586*d + 3734037. Determine f(-290).
-3
Let u(x) = 217*x**2 + 1630*x - 6523. Give u(4).
3469
Let s(t) = -9663*t - 18910516. Calculate s(-1957).
-25
Let y(a) = 1392*a + 11141. Determine y(-8).
5
Let h(a) = -8*a**2 - 4034*a + 16229. Give h(4).
-35
Let i(a) = -26*a**3 - 912*a**2 - 101*a + 8. Determine i(-35).
1093
Let m(y) = 24*y**2 - 61*y + 129. Calculate m(4).
269
Let x(u) = 31*u**3 + 1611*u**2 - 43*u + 466. Determine x(-52).
-2
Let i(y) = -1424*y + 326066. What is i(229)?
-30
Let z(y) = -28866*y + 10074229. Give z(349).
-5
Let m(l) = 5*l**2 + 282*l - 155. What is m(-57)?
16
Let l(s) = -2*s**2 - 389*s - 3956. Calculate l(-10).
-266
Let y(c) = 3052*c + 302. What is y(0)?
302
Let b(p) = -8*p**3 - 10*p**2 + 56*p - 32. Give b(2).
-24
Let l(c) = 12*c**2 - 34362*c + 34361. Give l(1).
11
Let x(r) = 16*r**3 + 145*r**2 + 13*r + 43. Calculate x(-9).
7
Let t(x) = -62*x**3 + 7*x**2 - 27*x - 128. Give t(-4).
4060
Let g(l) = -2293*l + 51455. What is g(23)?
-1284
Let z(l) = 12577*l + 188677. Calculate z(-15).
22
Let x(o) = -7288*o**2 - 757947*o + 530. Give x(-104).
10
Let z(a) = -22*a**3 - 1057*a**2 - 75*a - 1268. Determine z(-48).
28
Let x(p) = -29*p**2 + 839*p + 444. What is x(28)?
1200
Let p(o) = -o**2 - 502*o - 5472. Determine p(-11).
-71
Let p(f) = -3*f**2 + 205*f - 2339. What is p(54)?
-17
Let t(y) = -4942*y + 415123. What is t(84)?
-5
Let y(s) = 637*s + 436. What is y(2)?
1710
Let c(o) = -17949*o + 71401. Give c(4).
-395
Let t(y) = 2*y**3 - 309*y**2 - 99*y - 8462. Give t(155).
218
Let b(y) = 33616*y - 571523. Give b(17).
-51
Let x(h) = 12500*h + 237853. What is x(-19)?
353
Let v(z) = -74*z**3 - 3*z**2 - 136*z - 133. Give v(-1).
74
Let s(l) = 5*l**2 - 481*l + 8197. What is s(75)?
247
Let i(j) = 702*j**2 - 57*j - 55. What is i(-1)?
704
Let v(j) = -j**3 + 217*j**2 - 4425*j - 39951. Calculate v(193).
0
Let w(i) = -3052*i - 272322. What is w(-89)?
-694
Let i(s) = s**3 - 101*s**2 - 893*s - 166. What is i(-8)?
2
Let u(w) = -302556*w - 8471592. What is u(-28)?
-24
Let g(d) = 1509*d**3 + 12*d**2 + 7*d - 3. Calculate g(-1).
-1507
Let b(o) = 196*o + 12913. What is b(-75)?
-1787
Let v(h) = 8*h**3 - 183*h**2 - 896*h + 151. Give v(27).
16
Let r(j) = -343*j**2 + 2415*j - 20. Calculate r(7).
78
Let z(b) = 2*b**2 - 121*b - 11849. Calculate z(113).
16
Let z(k) = 32152*k - 643050. Determine z(20).
-10
Let z(x) = -x**3 + 47*x**2 - 189*x - 600. What is z(42)?
282
Let r(p) = -p**3 - 16*p**2 - 45*p - 170. Determine r(-13).
-92
Let j(n) = -n**2 - 80*n + 1837. Calculate j(-99).
-44
Let m(p) = -10*p**2 + 1373*p - 30842. Give m(109).
5
Let h(q) = -q**2 + 2115*q - 697697. What is h(409)?
57
Let m(a) = 58*a**2 - 149*a + 16. Give m(2).
-50
Let b(t) = -5*t**2 - 173*t + 382. Give b(-35).
312
Let a(u) = u**3 + 23*u**2 + 28*u - 347. Calculate a(-21).
-53
Let y(s) = -s**2 + 468*s + 7232. Give y(-15).
-13
Let b(r) = 54212*r + 1517962. Calculate b(-28).
26
Let w(c) = -18*c**3 + 310*c**2 + 304*c - 1. What is w(-1)?
23
Let b(j) = 1950*j - 226201. Determine b(116).
-1
Let f(n) = 5*n**2 - 6294*n + 31448. What is f(5)?
103
Let q(j) = 11*j**3 + j**2 - 15*j + 61. Determine q(-4).
-567
Let u(n) = -3*n**3 + 38*n**2 - n + 73. Calculate u(13).
-109
Let l(s) = 15*s**2 - 1677*s - 1667. Give l(-1).
25
Let m(s) = 28*s**2 - 1465*s + 3271. Calculate m(50).
21
Let g(b) = 66*b**2 + 8744*b + 26. What is g(-133)?
4548
Let w(q) = 8291*q - 76. Give w(0).
-76
Let k(f) = -1428*f**2 - 29969*f + 268. Determine k(-21).
-131
Let a(c) = 58*c**2 - 221*c - 1151. Determine a(-5).
1404
Let y(j) = -j**2 + 510*j + 3630. Determine y(-7).
11
Let q(s) = -s**2 - 235*s - 3075. What is q(-14)?
19
Let s(v) = -v**2 + 71*v + 414. Give s(-6).
-48
Let n(k) = 685*k - 23265. Determine n(34).
25
Let w(v) = v**2 + 207*v + 1419. Calculate w(-7).
19
Let s(a) = 1109*a - 3335. Determine s(3).
-8
Let w(l) = 4623*l + 46132. Give w(-10).
-98
Let x(p) = -6*p**2 + 421*p - 153. What is x(67)?
1120
Let g(a) = -2*a**3 + 934*a**2 - 3680*a - 11123. Determine g(463).
-11
Let b(y) = -2164*y + 348392. What is b(161)?
-12
Let l(y) = -2749*y - 18256. What is l(-6)?
-1762
Let w(l) = -149*l - 6537. Give w(-40).
-577
Let y(o) = 3*o**2 - 84619*o - 507786. Determine y(-6).
36
Let w(n) = 57*n**3 + 8499*n**2 + 895*n + 319. Give w(-149).
170
Let k(h) = 254086*h - 2032689. Determine k(8).
-1
Let b(u) = -u**3 + 21*u**2 - 195*u + 1338. Determine b(8).
610
Let s(i) = -371*i - 38994. Give s(-105).
-39
Let g(l) = 190*l**2 + 65924*l - 2045. Give g(-347).
37
Let y(v) = -660413*v - 5283288. Calculate y(-8).
16
Let o(g) = g**2 - 387*g - 35808. Give o(-77).
-80
Let k(a) = -3*a**3 + 48*a**2 - 180*a - 60. Determine k(9).
21
Let v(z) = 4*z**3 - 551*z**2 + 768*z + 25054. Give v(136).
30
Let s(v) = -3520*v**2 - 116070*v + 2965. Determine s(-33).
-5
Let b(g) = -g**3 + 24*g**2 - 66*g - 654. What is b(17)?
247
Let g(h) = -604*h - 1797. What is g(-3)?
15
Let x(s) = -108495*s + 759406. Calculate x(7).
-59
Let h(m) = -m**3 + 247*m**2 - 7571*m - 5557. Calculate h(211).
-282
Let f(q) = -3*q**2 - 7359*q + 81308. What is f(11)?
-4
Let l(d) = d**2 + 841*d + 75388. What is l(-739)?
10
Let j(v) = 123859*v - 1486306. Give j(12).
2
Let x(a) = 151*a + 3007. Determine x(-18).
289
Let m(l) = l**3 + 21*l**2 - 1599*l + 681. Determine m(-52).
5
Let h(p) = -p**3 - 251*p**2 - 3950*p + 462. Calculate h(-17).
-14
Let t(w) = -148570*w + 2525692. Calculate t(17).
2
Let p(r) = 2*r**3 - 116*r**2 + 575*r - 2375. Give p(53).
10
Let r(f) = 998*f - 5873. What is r(6)?
115
Let s(a) = -12392*a - 1338376. What is s(-108)?
-40
Let f(d) = -11*d**3 + 9*d**2 - 259*d + 492. Give f(2).
-78
Let l(s) = -379637*s + 379671. What is l(1)?
34
Let z(i) = i**3 + 14*i**2 - 81*i - 1242. What is z(-11)?
12
Let i(d) = 87074*d - 87063. Give i(1).
11
Let t(k) = 93*k**2 - 1896*k + 9679. Give t(10).
19
Let o(k) = 2249*k**2 + 22663*k + 12. What is o(-10)?
-1718
Let j(y) = -11*y**3 - 12*y**2 + 27*y + 92. Give j(-3).
200
Let b(j) = j**2 + 545*j + 13204. What is b(-25)?
204
Let l(o) = -18*o**3 - 1260*o**2 - 1271*o - 2002. Give l(-69).
-1
Let x(i) = i**3 - 12*i**2 + 162*i + 2808. Give x(-12).
-2592
Let d(g) = g**3 + 132*g**2 - 125*g + 2371. Calculate d(-133).
1307
Let n(l) = 458*l - 5005. Determine n(17).
2781
Let c(a) = -7*a**3 + 76*a**2 - 178*a + 159. Calculate c(8).
15
Let l(f) = 670*f - 2913. What is l(4)?
-233
Let x(g) = 92*g**3 + 217*g**2 - 210*g - 6. Calculate x(1).
93
Let n(z) = -49447*z + 296684. Determine n(6).
2
Let n(u) = u**3 + 20*u**2 - 11*u - 129. What is n(-16)?
1071
Let z(o) = 43*o + 12268. Determine z(-285).
13
Let h(d) = -193*d**3 + 6*d**2 - 22*d + 48. What is h(2)?
-1516
Let n(u) = 8037873*u + 24113613. What is n(-3)?
-6
Let w(n) = -n**3 - 4*n**2 - 237*n + 3057. Determine w(9).
-129
Let n(u) = u**2 - 15417*u - 169709. Calculate n(-11).
-1
Let t(p) = 83*p**2 + 2321*p - 6955. What is t(3)?
755
Let n(b) = -1418*b - 18073. What is n(-15)?
3197
Let f(d) = 41*d**3 - 2*d**2 - 47*d + 185. Give f(3).
1133
Let k(v) = -1010*v**2 + 10090*v + 4. Calculate k(10).
-96
Let b(v) = -4*v**3 + 19*v**2 - 446*v + 2835. Calculate b(6).
-21
Let l(c) = 13*c**2 + 9463*c - 66335. Calculate l(7).
543
Let s(q) = -2*q**2 - 10336*q - 205940. Determine s(-20).
-20
Let d(v) = 12*v**3 - 13*v**2 - 244*v + 32. Calculate d(5).
-13
Let j(z) = 765*z**2 + 1663*z + 13. Give j(-3).
1909
Let x(y) = 492*y - 144300. Determine x(289).
-2112
Let l(r) = r**2 + 57170*r + 171512. Determine l(-3).
11
Let x(h) = 38636*h - 115900. Determine x(3).
8
Let z(w) = 4838*w**2 - 38700*w - 8. What is z(8)?
24
Let f(k) = 4*k**3 - 550*k**2 + 2652*k - 4. Calculate f(5).
6
Let l(u) = -3*u**2 + 320*u - 3865. Give l(93).
-52
Let d(h) = -16*h**2 + 6993*h - 62064. Determine d(428).
-4
Let h(f) = f**3 - 68*f**2 + 2*f - 718. Give h(0).
-718
Let a(g) = 4*g**2 - 374*g - 9346. Determine a(114).
2
Let g(a) = 2*a**3 - 65*a**2 - 2178*a + 246. What is g(53)?
-19
Let y(n) = -43*n**3 + 4*n**2 + 134*n + 368. Give y(-3).
1163
Let b(k) = 11168*k - 18979. Give b(2).
3357
Let d(c) = -49*c**3 + 37*c**2 + 20*c - 6. What is d(4)?
-2470
Let v(t) = -918*t - 7930. Give v(-9).
332
Let f(m) = -2*m**2 + 1286*m + 206454. Determine f(776).
38
Let v(u) = 31915*u + 191643. What is v(-6)?
153
Let n(j) = 4*j**2 + 7656*j + 4. Determine n(0).
4
Let u(c) = c**2 - 4153*c - 952876. What is u(-218)?
2
Let x(h) = 5*h*